{"id":26390,"date":"2025-06-15T12:41:38","date_gmt":"2025-06-15T10:41:38","guid":{"rendered":"https:\/\/elportillodecoracion.es\/?post_type=product&#038;p=26390"},"modified":"2025-06-15T12:41:39","modified_gmt":"2025-06-15T10:41:39","slug":"lampara-de-techo-naranja-y-negro","status":"publish","type":"product","link":"https:\/\/elportillodecoracion.es\/en\/tienda\/lampara-de-techo-naranja-y-negro\/","title":{"rendered":"LAMPARA DE TECHO NARANJA Y NEGRO"},"content":{"rendered":"","protected":false},"excerpt":{"rendered":"<p>El dise\u00f1o de esta preciosa l\u00e1mpara simula a una pamela.<\/p>\n<p>Ideal para cualquier habitaci\u00f3n de la casa, oficina o negocio.<\/p>\n<p>Esta elaborada en material de fibra natural.<\/p>\n<p>Medidas: 75 cm x 75 cm x 7 cm<\/p>\n<p>Voltios:220-240 v.<\/p>\n<p>Casquillo: E 27<\/p>\n<p>Bombilla:1, 40 max ( no incluida)<\/p>\n<p>Longitud cable: 150 cm<\/p>\n<p>&nbsp;<\/p>\n","protected":false},"featured_media":26327,"comment_status":"open","ping_status":"closed","template":"","meta":{"_joinchat":[]},"product_cat":[718,721,736],"product_tag":[],"class_list":{"0":"post-26390","1":"product","2":"type-product","3":"status-publish","4":"has-post-thumbnail","6":"product_cat-lighting","7":"product_cat-ceiling-lamps-en","8":"product_cat-wild-jungle","10":"first","11":"instock","12":"taxable","13":"shipping-taxable","14":"purchasable","15":"product-type-simple"},"yoast_head":"<!-- This site is optimized with the Yoast SEO Premium plugin v23.0 (Yoast SEO v25.6) - https:\/\/yoast.com\/wordpress\/plugins\/seo\/ -->\n<title>LAMPARA DE TECHO NARANJA Y NEGRO - El Portillo Decoraci\u00f3n<\/title>\n<meta name=\"description\" content=\"El dise\u00f1o de esta preciosa l\u00e1mpara simula a una pamela.  Ideal para cualquier habitaci\u00f3n de la casa, oficina o negocio.  Esta elaborada en material de fibra natural.  Medidas: 75 cm x 75 cm x 7 cm  Voltios:220-240 v.  Casquillo: E 27  Bombilla:1, 40 max ( no incluida)  Longitud cable: 150 cm  &nbsp;\" \/>\n<meta name=\"robots\" content=\"index, follow, max-snippet:-1, max-image-preview:large, max-video-preview:-1\" \/>\n<link rel=\"canonical\" href=\"https:\/\/elportillodecoracion.es\/tienda\/lampara-de-techo-naranja-y-negro\/\" \/>\n<meta property=\"og:locale\" content=\"en_US\" \/>\n<meta property=\"og:type\" content=\"article\" \/>\n<meta property=\"og:title\" content=\"LAMPARA DE TECHO NARANJA Y NEGRO\" \/>\n<meta property=\"og:description\" content=\"El dise\u00f1o de esta preciosa l\u00e1mpara simula a una pamela.  Ideal para cualquier habitaci\u00f3n de la casa, oficina o negocio.  Esta elaborada en material de fibra natural.  Medidas: 75 cm x 75 cm x 7 cm  Voltios:220-240 v.  Casquillo: E 27  Bombilla:1, 40 max ( no incluida)  Longitud cable: 150 cm  &nbsp;\" \/>\n<meta property=\"og:url\" content=\"https:\/\/elportillodecoracion.es\/tienda\/lampara-de-techo-naranja-y-negro\/\" \/>\n<meta property=\"og:site_name\" content=\"El Portillo Decoraci\u00f3n\" \/>\n<meta property=\"article:modified_time\" content=\"2025-06-15T10:41:39+00:00\" \/>\n<meta property=\"og:image\" content=\"https:\/\/elportillodecoracion.es\/wp-content\/uploads\/2025\/06\/lampara-sombrero-pequena.webp\" \/>\n\t<meta property=\"og:image:width\" content=\"700\" \/>\n\t<meta property=\"og:image:height\" content=\"700\" \/>\n\t<meta property=\"og:image:type\" content=\"image\/webp\" \/>\n<meta name=\"twitter:card\" content=\"summary_large_image\" \/>\n<meta name=\"twitter:label1\" content=\"Price\" \/>\n\t<meta name=\"twitter:data1\" content=\"109,00&euro; IVA inc\" \/>\n\t<meta name=\"twitter:label2\" content=\"Availability\" \/>\n\t<meta name=\"twitter:data2\" content=\"In stock\" \/>\n<script type=\"application\/ld+json\" class=\"yoast-schema-graph\">{\"@context\":\"https:\/\/schema.org\",\"@graph\":[{\"@type\":\"WebPage\",\"@id\":\"https:\/\/elportillodecoracion.es\/tienda\/lampara-de-techo-naranja-y-negro\/\",\"url\":\"https:\/\/elportillodecoracion.es\/tienda\/lampara-de-techo-naranja-y-negro\/\",\"name\":\"LAMPARA DE TECHO NARANJA Y NEGRO - El Portillo Decoraci\u00f3n\",\"isPartOf\":{\"@id\":\"https:\/\/elportillodecoracion.es\/#website\"},\"primaryImageOfPage\":{\"@id\":\"https:\/\/elportillodecoracion.es\/tienda\/lampara-de-techo-naranja-y-negro\/#primaryimage\"},\"image\":{\"@id\":\"https:\/\/elportillodecoracion.es\/tienda\/lampara-de-techo-naranja-y-negro\/#primaryimage\"},\"thumbnailUrl\":\"https:\/\/elportillodecoracion.es\/wp-content\/uploads\/2025\/06\/lampara-sombrero-pequena.webp\",\"datePublished\":\"2025-06-15T10:41:38+00:00\",\"dateModified\":\"2025-06-15T10:41:39+00:00\",\"description\":\"El dise\u00f1o de esta preciosa l\u00e1mpara simula a una pamela. Ideal para cualquier habitaci\u00f3n de la casa, oficina o negocio. Esta elaborada en material de fibra natural. Medidas: 75 cm x 75 cm x 7 cm Voltios:220-240 v. Casquillo: E 27 Bombilla:1, 40 max ( no incluida) Longitud cable: 150 cm &nbsp;\",\"breadcrumb\":{\"@id\":\"https:\/\/elportillodecoracion.es\/tienda\/lampara-de-techo-naranja-y-negro\/#breadcrumb\"},\"inLanguage\":\"en-US\",\"potentialAction\":[{\"@type\":\"ReadAction\",\"target\":[\"https:\/\/elportillodecoracion.es\/tienda\/lampara-de-techo-naranja-y-negro\/\"]}]},{\"@type\":\"ImageObject\",\"inLanguage\":\"en-US\",\"@id\":\"https:\/\/elportillodecoracion.es\/tienda\/lampara-de-techo-naranja-y-negro\/#primaryimage\",\"url\":\"https:\/\/elportillodecoracion.es\/wp-content\/uploads\/2025\/06\/lampara-sombrero-pequena.webp\",\"contentUrl\":\"https:\/\/elportillodecoracion.es\/wp-content\/uploads\/2025\/06\/lampara-sombrero-pequena.webp\",\"width\":700,\"height\":700},{\"@type\":\"BreadcrumbList\",\"@id\":\"https:\/\/elportillodecoracion.es\/tienda\/lampara-de-techo-naranja-y-negro\/#breadcrumb\",\"itemListElement\":[{\"@type\":\"ListItem\",\"position\":1,\"name\":\"Portada\",\"item\":\"https:\/\/elportillodecoracion.es\/\"},{\"@type\":\"ListItem\",\"position\":2,\"name\":\"Tienda\",\"item\":\"https:\/\/elportillodecoracion.es\/tienda\/\"},{\"@type\":\"ListItem\",\"position\":3,\"name\":\"LAMPARA DE TECHO NARANJA Y NEGRO\"}]},{\"@type\":\"WebSite\",\"@id\":\"https:\/\/elportillodecoracion.es\/#website\",\"url\":\"https:\/\/elportillodecoracion.es\/\",\"name\":\"El Portillo Decoraci\u00f3n\",\"description\":\"Muebles y Decoraci\u00f3n\",\"publisher\":{\"@id\":\"https:\/\/elportillodecoracion.es\/#organization\"},\"potentialAction\":[{\"@type\":\"SearchAction\",\"target\":{\"@type\":\"EntryPoint\",\"urlTemplate\":\"https:\/\/elportillodecoracion.es\/?s={search_term_string}\"},\"query-input\":{\"@type\":\"PropertyValueSpecification\",\"valueRequired\":true,\"valueName\":\"search_term_string\"}}],\"inLanguage\":\"en-US\"},{\"@type\":\"Organization\",\"@id\":\"https:\/\/elportillodecoracion.es\/#organization\",\"name\":\"El Portillo Decoraci\u00f3n\",\"url\":\"https:\/\/elportillodecoracion.es\/\",\"logo\":{\"@type\":\"ImageObject\",\"inLanguage\":\"en-US\",\"@id\":\"https:\/\/elportillodecoracion.es\/#\/schema\/logo\/image\/\",\"url\":\"https:\/\/elportillodecoracion.es\/wp-content\/uploads\/2018\/11\/El-Portillo_logo-300.jpg\",\"contentUrl\":\"https:\/\/elportillodecoracion.es\/wp-content\/uploads\/2018\/11\/El-Portillo_logo-300.jpg\",\"width\":350,\"height\":91,\"caption\":\"El Portillo Decoraci\u00f3n\"},\"image\":{\"@id\":\"https:\/\/elportillodecoracion.es\/#\/schema\/logo\/image\/\"}}]}<\/script>\n<meta property=\"product:price:amount\" content=\"109.00\" \/>\n<meta property=\"product:price:currency\" content=\"EUR\" \/>\n<meta property=\"og:availability\" content=\"instock\" \/>\n<meta property=\"product:availability\" content=\"instock\" \/>\n<meta property=\"product:retailer_item_id\" content=\"612110\" \/>\n<meta property=\"product:condition\" content=\"new\" \/>\n<!-- \/ Yoast SEO Premium plugin. -->","yoast_head_json":{"title":"LAMPARA DE TECHO NARANJA Y NEGRO - El Portillo Decoraci\u00f3n","description":"El dise\u00f1o de esta preciosa l\u00e1mpara simula a una pamela.  Ideal para cualquier habitaci\u00f3n de la casa, oficina o negocio.  Esta elaborada en material de fibra natural.  Medidas: 75 cm x 75 cm x 7 cm  Voltios:220-240 v.  Casquillo: E 27  Bombilla:1, 40 max ( no incluida)  Longitud cable: 150 cm  &nbsp;","robots":{"index":"index","follow":"follow","max-snippet":"max-snippet:-1","max-image-preview":"max-image-preview:large","max-video-preview":"max-video-preview:-1"},"canonical":"https:\/\/elportillodecoracion.es\/tienda\/lampara-de-techo-naranja-y-negro\/","og_locale":"en_US","og_type":"article","og_title":"LAMPARA DE TECHO NARANJA Y NEGRO","og_description":"El dise\u00f1o de esta preciosa l\u00e1mpara simula a una pamela.  Ideal para cualquier habitaci\u00f3n de la casa, oficina o negocio.  Esta elaborada en material de fibra natural.  Medidas: 75 cm x 75 cm x 7 cm  Voltios:220-240 v.  Casquillo: E 27  Bombilla:1, 40 max ( no incluida)  Longitud cable: 150 cm  &nbsp;","og_url":"https:\/\/elportillodecoracion.es\/tienda\/lampara-de-techo-naranja-y-negro\/","og_site_name":"El Portillo Decoraci\u00f3n","article_modified_time":"2025-06-15T10:41:39+00:00","og_image":[{"width":700,"height":700,"url":"https:\/\/elportillodecoracion.es\/wp-content\/uploads\/2025\/06\/lampara-sombrero-pequena.webp","type":"image\/webp"}],"twitter_card":"summary_large_image","twitter_misc":{"Price":"109,00&euro; IVA inc","Availability":"In stock"},"schema":{"@context":"https:\/\/schema.org","@graph":[{"@type":"WebPage","@id":"https:\/\/elportillodecoracion.es\/tienda\/lampara-de-techo-naranja-y-negro\/","url":"https:\/\/elportillodecoracion.es\/tienda\/lampara-de-techo-naranja-y-negro\/","name":"LAMPARA DE TECHO NARANJA Y NEGRO - El Portillo Decoraci\u00f3n","isPartOf":{"@id":"https:\/\/elportillodecoracion.es\/#website"},"primaryImageOfPage":{"@id":"https:\/\/elportillodecoracion.es\/tienda\/lampara-de-techo-naranja-y-negro\/#primaryimage"},"image":{"@id":"https:\/\/elportillodecoracion.es\/tienda\/lampara-de-techo-naranja-y-negro\/#primaryimage"},"thumbnailUrl":"https:\/\/elportillodecoracion.es\/wp-content\/uploads\/2025\/06\/lampara-sombrero-pequena.webp","datePublished":"2025-06-15T10:41:38+00:00","dateModified":"2025-06-15T10:41:39+00:00","description":"El dise\u00f1o de esta preciosa l\u00e1mpara simula a una pamela. Ideal para cualquier habitaci\u00f3n de la casa, oficina o negocio. Esta elaborada en material de fibra natural. Medidas: 75 cm x 75 cm x 7 cm Voltios:220-240 v. Casquillo: E 27 Bombilla:1, 40 max ( no incluida) Longitud cable: 150 cm &nbsp;","breadcrumb":{"@id":"https:\/\/elportillodecoracion.es\/tienda\/lampara-de-techo-naranja-y-negro\/#breadcrumb"},"inLanguage":"en-US","potentialAction":[{"@type":"ReadAction","target":["https:\/\/elportillodecoracion.es\/tienda\/lampara-de-techo-naranja-y-negro\/"]}]},{"@type":"ImageObject","inLanguage":"en-US","@id":"https:\/\/elportillodecoracion.es\/tienda\/lampara-de-techo-naranja-y-negro\/#primaryimage","url":"https:\/\/elportillodecoracion.es\/wp-content\/uploads\/2025\/06\/lampara-sombrero-pequena.webp","contentUrl":"https:\/\/elportillodecoracion.es\/wp-content\/uploads\/2025\/06\/lampara-sombrero-pequena.webp","width":700,"height":700},{"@type":"BreadcrumbList","@id":"https:\/\/elportillodecoracion.es\/tienda\/lampara-de-techo-naranja-y-negro\/#breadcrumb","itemListElement":[{"@type":"ListItem","position":1,"name":"Portada","item":"https:\/\/elportillodecoracion.es\/"},{"@type":"ListItem","position":2,"name":"Tienda","item":"https:\/\/elportillodecoracion.es\/tienda\/"},{"@type":"ListItem","position":3,"name":"LAMPARA DE TECHO NARANJA Y NEGRO"}]},{"@type":"WebSite","@id":"https:\/\/elportillodecoracion.es\/#website","url":"https:\/\/elportillodecoracion.es\/","name":"El Portillo Decoraci\u00f3n","description":"Muebles y Decoraci\u00f3n","publisher":{"@id":"https:\/\/elportillodecoracion.es\/#organization"},"potentialAction":[{"@type":"SearchAction","target":{"@type":"EntryPoint","urlTemplate":"https:\/\/elportillodecoracion.es\/?s={search_term_string}"},"query-input":{"@type":"PropertyValueSpecification","valueRequired":true,"valueName":"search_term_string"}}],"inLanguage":"en-US"},{"@type":"Organization","@id":"https:\/\/elportillodecoracion.es\/#organization","name":"El Portillo Decoraci\u00f3n","url":"https:\/\/elportillodecoracion.es\/","logo":{"@type":"ImageObject","inLanguage":"en-US","@id":"https:\/\/elportillodecoracion.es\/#\/schema\/logo\/image\/","url":"https:\/\/elportillodecoracion.es\/wp-content\/uploads\/2018\/11\/El-Portillo_logo-300.jpg","contentUrl":"https:\/\/elportillodecoracion.es\/wp-content\/uploads\/2018\/11\/El-Portillo_logo-300.jpg","width":350,"height":91,"caption":"El Portillo Decoraci\u00f3n"},"image":{"@id":"https:\/\/elportillodecoracion.es\/#\/schema\/logo\/image\/"}}]},"product_price_amount":"109.00","product_price_currency":"EUR","og_availability":"instock","product_availability":"instock","product_retailer_item_id":"612110","product_condition":"new"},"_links":{"self":[{"href":"https:\/\/elportillodecoracion.es\/en\/wp-json\/wp\/v2\/product\/26390","targetHints":{"allow":["GET"]}}],"collection":[{"href":"https:\/\/elportillodecoracion.es\/en\/wp-json\/wp\/v2\/product"}],"about":[{"href":"https:\/\/elportillodecoracion.es\/en\/wp-json\/wp\/v2\/types\/product"}],"replies":[{"embeddable":true,"href":"https:\/\/elportillodecoracion.es\/en\/wp-json\/wp\/v2\/comments?post=26390"}],"wp:featuredmedia":[{"embeddable":true,"href":"https:\/\/elportillodecoracion.es\/en\/wp-json\/wp\/v2\/media\/26327"}],"wp:attachment":[{"href":"https:\/\/elportillodecoracion.es\/en\/wp-json\/wp\/v2\/media?parent=26390"}],"wp:term":[{"taxonomy":"product_cat","embeddable":true,"href":"https:\/\/elportillodecoracion.es\/en\/wp-json\/wp\/v2\/product_cat?post=26390"},{"taxonomy":"product_tag","embeddable":true,"href":"https:\/\/elportillodecoracion.es\/en\/wp-json\/wp\/v2\/product_tag?post=26390"}],"curies":[{"name":"wp","href":"https:\/\/api.w.org\/{rel}","templated":true}]}}

<p>El diseño de esta preciosa lámpara simula a una pamela.</p>
<p>Ideal para cualquier habitación de la casa, oficina o negocio.</p>
<p>Esta elaborada en material de fibra natural.</p>
<p>Medidas: 75 cm x 75 cm x 7 cm</p>
<p>Voltios:220-240 v.</p>
<p>Casquillo: E 27</p>
<p>Bombilla:1, 40 max ( no incluida)</p>
<p>Longitud cable: 150 cm</p>
<p>&nbsp;</p>

<!-- This site is optimized with the Yoast SEO Premium plugin v23.0 (Yoast SEO v25.6) - https://yoast.com/wordpress/plugins/seo/ -->
<title>LAMPARA DE TECHO NARANJA Y NEGRO - El Portillo Decoración</title>
<meta name="description" content="El diseño de esta preciosa lámpara simula a una pamela.  Ideal para cualquier habitación de la casa, oficina o negocio.  Esta elaborada en material de fibra natural.  Medidas: 75 cm x 75 cm x 7 cm  Voltios:220-240 v.  Casquillo: E 27  Bombilla:1, 40 max ( no incluida)  Longitud cable: 150 cm  &nbsp;" />
<meta name="robots" content="index, follow, max-snippet:-1, max-image-preview:large, max-video-preview:-1" />
<link rel="canonical" href="https://elportillodecoracion.es/tienda/lampara-de-techo-naranja-y-negro/" />
<meta property="og:locale" content="en_US" />
<meta property="og:type" content="article" />
<meta property="og:title" content="LAMPARA DE TECHO NARANJA Y NEGRO" />
<meta property="og:description" content="El diseño de esta preciosa lámpara simula a una pamela.  Ideal para cualquier habitación de la casa, oficina o negocio.  Esta elaborada en material de fibra natural.  Medidas: 75 cm x 75 cm x 7 cm  Voltios:220-240 v.  Casquillo: E 27  Bombilla:1, 40 max ( no incluida)  Longitud cable: 150 cm  &nbsp;" />
<meta property="og:url" content="https://elportillodecoracion.es/tienda/lampara-de-techo-naranja-y-negro/" />
<meta property="og:site_name" content="El Portillo Decoración" />
<meta property="article:modified_time" content="2025-06-15T10:41:39+00:00" />
<meta property="og:image" content="https://elportillodecoracion.es/wp-content/uploads/2025/06/lampara-sombrero-pequena.webp" />
	<meta property="og:image:width" content="700" />
	<meta property="og:image:height" content="700" />
	<meta property="og:image:type" content="image/webp" />
<meta name="twitter:card" content="summary_large_image" />
<meta name="twitter:label1" content="Price" />
	<meta name="twitter:data1" content="109,00&euro; IVA inc" />
	<meta name="twitter:label2" content="Availability" />
	<meta name="twitter:data2" content="In stock" />
<script type="application/ld+json" class="yoast-schema-graph">{"@context":"https://schema.org","@graph":[{"@type":"WebPage","@id":"https://elportillodecoracion.es/tienda/lampara-de-techo-naranja-y-negro/","url":"https://elportillodecoracion.es/tienda/lampara-de-techo-naranja-y-negro/","name":"LAMPARA DE TECHO NARANJA Y NEGRO - El Portillo Decoración","isPartOf":{"@id":"https://elportillodecoracion.es/#website"},"primaryImageOfPage":{"@id":"https://elportillodecoracion.es/tienda/lampara-de-techo-naranja-y-negro/#primaryimage"},"image":{"@id":"https://elportillodecoracion.es/tienda/lampara-de-techo-naranja-y-negro/#primaryimage"},"thumbnailUrl":"https://elportillodecoracion.es/wp-content/uploads/2025/06/lampara-sombrero-pequena.webp","datePublished":"2025-06-15T10:41:38+00:00","dateModified":"2025-06-15T10:41:39+00:00","description":"El diseño de esta preciosa lámpara simula a una pamela. Ideal para cualquier habitación de la casa, oficina o negocio. Esta elaborada en material de fibra natural. Medidas: 75 cm x 75 cm x 7 cm Voltios:220-240 v. Casquillo: E 27 Bombilla:1, 40 max ( no incluida) Longitud cable: 150 cm &nbsp;","breadcrumb":{"@id":"https://elportillodecoracion.es/tienda/lampara-de-techo-naranja-y-negro/#breadcrumb"},"inLanguage":"en-US","potentialAction":[{"@type":"ReadAction","target":["https://elportillodecoracion.es/tienda/lampara-de-techo-naranja-y-negro/"]}]},{"@type":"ImageObject","inLanguage":"en-US","@id":"https://elportillodecoracion.es/tienda/lampara-de-techo-naranja-y-negro/#primaryimage","url":"https://elportillodecoracion.es/wp-content/uploads/2025/06/lampara-sombrero-pequena.webp","contentUrl":"https://elportillodecoracion.es/wp-content/uploads/2025/06/lampara-sombrero-pequena.webp","width":700,"height":700},{"@type":"BreadcrumbList","@id":"https://elportillodecoracion.es/tienda/lampara-de-techo-naranja-y-negro/#breadcrumb","itemListElement":[{"@type":"ListItem","position":1,"name":"Portada","item":"https://elportillodecoracion.es/"},{"@type":"ListItem","position":2,"name":"Tienda","item":"https://elportillodecoracion.es/tienda/"},{"@type":"ListItem","position":3,"name":"LAMPARA DE TECHO NARANJA Y NEGRO"}]},{"@type":"WebSite","@id":"https://elportillodecoracion.es/#website","url":"https://elportillodecoracion.es/","name":"El Portillo Decoración","description":"Muebles y Decoración","publisher":{"@id":"https://elportillodecoracion.es/#organization"},"potentialAction":[{"@type":"SearchAction","target":{"@type":"EntryPoint","urlTemplate":"https://elportillodecoracion.es/?s={search_term_string}"},"query-input":{"@type":"PropertyValueSpecification","valueRequired":true,"valueName":"search_term_string"}}],"inLanguage":"en-US"},{"@type":"Organization","@id":"https://elportillodecoracion.es/#organization","name":"El Portillo Decoración","url":"https://elportillodecoracion.es/","logo":{"@type":"ImageObject","inLanguage":"en-US","@id":"https://elportillodecoracion.es/#/schema/logo/image/","url":"https://elportillodecoracion.es/wp-content/uploads/2018/11/El-Portillo_logo-300.jpg","contentUrl":"https://elportillodecoracion.es/wp-content/uploads/2018/11/El-Portillo_logo-300.jpg","width":350,"height":91,"caption":"El Portillo Decoración"},"image":{"@id":"https://elportillodecoracion.es/#/schema/logo/image/"}}]}</script>
<meta property="product:price:amount" content="109.00" />
<meta property="product:price:currency" content="EUR" />
<meta property="og:availability" content="instock" />
<meta property="product:availability" content="instock" />
<meta property="product:retailer_item_id" content="612110" />
<meta property="product:condition" content="new" />
<!-- / Yoast SEO Premium plugin. -->

LAMPARA DE TECHO NARANJA Y NEGRO - El Portillo Decoración

El diseño de esta preciosa lámpara simula a una pamela.  Ideal para cualquier habitación de la casa, oficina o negocio.  Esta elaborada en material de fibra natural.  Medidas: 75 cm x 75 cm x 7 cm  Voltios:220-240 v.  Casquillo: E 27  Bombilla:1, 40 max ( no incluida)  Longitud cable: 150 cm  &nbsp;

El Portillo Decoración

El diseño de esta preciosa lámpara simula a una pamela. Ideal para cualquier habitación de la casa, oficina o negocio. Esta elaborada en material de fibra natural. Medidas: 75 cm x 75 cm x 7 cm Voltios:220-240 v. Casquillo: E 27 Bombilla:1, 40 max ( no incluida) Longitud cable: 150 cm &nbsp;

Muebles y Decoración
