{"id":16798,"date":"2023-02-25T11:34:18","date_gmt":"2023-02-25T10:34:18","guid":{"rendered":"https:\/\/elportillodecoracion.es\/?post_type=product&#038;p=16798"},"modified":"2025-03-18T21:17:23","modified_gmt":"2025-03-18T20:17:23","slug":"mesita-auxiliar-madera-de-teka-granate-35x35x45-cm","status":"publish","type":"product","link":"https:\/\/elportillodecoracion.es\/en\/tienda\/mesita-auxiliar-madera-de-teka-granate-35x35x45-cm\/","title":{"rendered":"MESITA AUXILIAR MADERA DE TEKA GRANATE 35x35x45 cm."},"content":{"rendered":"<p>Mesita auxiliar realizada con madera de teka, conocida como una de las m\u00e1s valoradas del mercado por sus excelentes caracter\u00edsticas de durabilidad natural. Su color granate tiene un acabado muy natural y aporta gran elegancia al hogar. Con este peque\u00f1o mueble podr\u00e1s dar rienda a tu creatividad y utilizarlo como m\u00e1s te guste o te convenga. La puedes colocar tanto en exterior como en interior, utilizarla como mesa para el aperitivo, para colocar alguna planta, alg\u00fan accesorio decorativo\u2026 Tiene mucho juego a la hora de colocarla y quedar\u00e1 bien en cualquier espacio de tu casa.<\/p>\n<div id=\"tab-description\" class=\"woocommerce-Tabs-panel woocommerce-Tabs-panel--description panel entry-content wc-tab\" role=\"tabpanel\" aria-labelledby=\"tab-title-description\">\n<ul>\n<li>Material: madera de teka.<\/li>\n<li>Medidas: 35x35x45 cm.<\/li>\n<li>Color: granate.<\/li>\n<\/ul>\n<\/div>\n","protected":false},"excerpt":{"rendered":"<p>Mesita auxiliar realizada con madera de teka, conocida como una de las m\u00e1s valoradas del mercado por sus excelentes caracter\u00edsticas de durabilidad natural. Su color granate tiene un acabado muy natural y aporta gran elegancia al hogar. Con este peque\u00f1o mueble podr\u00e1s dar rienda a tu creatividad y utilizarlo como m\u00e1s te guste o te [&hellip;]<\/p>\n","protected":false},"featured_media":16820,"comment_status":"open","ping_status":"closed","template":"","meta":{"_joinchat":[]},"product_cat":[678,734],"product_tag":[],"class_list":{"0":"post-16798","1":"product","2":"type-product","3":"status-publish","4":"has-post-thumbnail","6":"product_cat-little-tables","7":"product_cat-natural","8":"product_shipping_class-shipping-accessories","10":"first","11":"instock","12":"taxable","13":"shipping-taxable","14":"purchasable","15":"product-type-simple"},"yoast_head":"<!-- This site is optimized with the Yoast SEO Premium plugin v23.0 (Yoast SEO v25.6) - https:\/\/yoast.com\/wordpress\/plugins\/seo\/ -->\n<title>MESITA AUXILIAR MADERA DE TEKA GRANATE 35x35x45 cm. - El Portillo Decoraci\u00f3n<\/title>\n<meta name=\"robots\" content=\"index, follow, max-snippet:-1, max-image-preview:large, max-video-preview:-1\" \/>\n<link rel=\"canonical\" href=\"https:\/\/elportillodecoracion.es\/tienda\/mesita-auxiliar-madera-de-teka-granate-35x35x45-cm\/\" \/>\n<meta property=\"og:locale\" content=\"en_US\" \/>\n<meta property=\"og:type\" content=\"article\" \/>\n<meta property=\"og:title\" content=\"MESITA AUXILIAR MADERA DE TEKA GRANATE 35x35x45 cm.\" \/>\n<meta property=\"og:url\" content=\"https:\/\/elportillodecoracion.es\/tienda\/mesita-auxiliar-madera-de-teka-granate-35x35x45-cm\/\" \/>\n<meta property=\"og:site_name\" content=\"El Portillo Decoraci\u00f3n\" \/>\n<meta property=\"article:modified_time\" content=\"2025-03-18T20:17:23+00:00\" \/>\n<meta property=\"og:image\" content=\"https:\/\/elportillodecoracion.es\/wp-content\/uploads\/2023\/02\/IMG_0827-scaled.jpg\" \/>\n\t<meta property=\"og:image:width\" content=\"1936\" \/>\n\t<meta property=\"og:image:height\" content=\"2560\" \/>\n\t<meta property=\"og:image:type\" content=\"image\/jpeg\" \/>\n<meta name=\"twitter:card\" content=\"summary_large_image\" \/>\n<meta name=\"twitter:label1\" content=\"Price\" \/>\n\t<meta name=\"twitter:data1\" content=\"139,00&euro; IVA inc\" \/>\n\t<meta name=\"twitter:label2\" content=\"Availability\" \/>\n\t<meta name=\"twitter:data2\" content=\"In stock\" \/>\n<script type=\"application\/ld+json\" class=\"yoast-schema-graph\">{\"@context\":\"https:\/\/schema.org\",\"@graph\":[{\"@type\":\"WebPage\",\"@id\":\"https:\/\/elportillodecoracion.es\/tienda\/mesita-auxiliar-madera-de-teka-granate-35x35x45-cm\/\",\"url\":\"https:\/\/elportillodecoracion.es\/tienda\/mesita-auxiliar-madera-de-teka-granate-35x35x45-cm\/\",\"name\":\"MESITA AUXILIAR MADERA DE TEKA GRANATE 35x35x45 cm. - El Portillo Decoraci\u00f3n\",\"isPartOf\":{\"@id\":\"https:\/\/elportillodecoracion.es\/#website\"},\"primaryImageOfPage\":{\"@id\":\"https:\/\/elportillodecoracion.es\/tienda\/mesita-auxiliar-madera-de-teka-granate-35x35x45-cm\/#primaryimage\"},\"image\":{\"@id\":\"https:\/\/elportillodecoracion.es\/tienda\/mesita-auxiliar-madera-de-teka-granate-35x35x45-cm\/#primaryimage\"},\"thumbnailUrl\":\"https:\/\/elportillodecoracion.es\/wp-content\/uploads\/2023\/02\/IMG_0827-scaled.jpg\",\"datePublished\":\"2023-02-25T10:34:18+00:00\",\"dateModified\":\"2025-03-18T20:17:23+00:00\",\"breadcrumb\":{\"@id\":\"https:\/\/elportillodecoracion.es\/tienda\/mesita-auxiliar-madera-de-teka-granate-35x35x45-cm\/#breadcrumb\"},\"inLanguage\":\"en-US\",\"potentialAction\":[{\"@type\":\"ReadAction\",\"target\":[\"https:\/\/elportillodecoracion.es\/tienda\/mesita-auxiliar-madera-de-teka-granate-35x35x45-cm\/\"]}]},{\"@type\":\"ImageObject\",\"inLanguage\":\"en-US\",\"@id\":\"https:\/\/elportillodecoracion.es\/tienda\/mesita-auxiliar-madera-de-teka-granate-35x35x45-cm\/#primaryimage\",\"url\":\"https:\/\/elportillodecoracion.es\/wp-content\/uploads\/2023\/02\/IMG_0827-scaled.jpg\",\"contentUrl\":\"https:\/\/elportillodecoracion.es\/wp-content\/uploads\/2023\/02\/IMG_0827-scaled.jpg\",\"width\":1936,\"height\":2560},{\"@type\":\"BreadcrumbList\",\"@id\":\"https:\/\/elportillodecoracion.es\/tienda\/mesita-auxiliar-madera-de-teka-granate-35x35x45-cm\/#breadcrumb\",\"itemListElement\":[{\"@type\":\"ListItem\",\"position\":1,\"name\":\"Portada\",\"item\":\"https:\/\/elportillodecoracion.es\/\"},{\"@type\":\"ListItem\",\"position\":2,\"name\":\"Tienda\",\"item\":\"https:\/\/elportillodecoracion.es\/tienda\/\"},{\"@type\":\"ListItem\",\"position\":3,\"name\":\"MESITA AUXILIAR MADERA DE TEKA GRANATE 35x35x45 cm.\"}]},{\"@type\":\"WebSite\",\"@id\":\"https:\/\/elportillodecoracion.es\/#website\",\"url\":\"https:\/\/elportillodecoracion.es\/\",\"name\":\"El Portillo Decoraci\u00f3n\",\"description\":\"Muebles y Decoraci\u00f3n\",\"publisher\":{\"@id\":\"https:\/\/elportillodecoracion.es\/#organization\"},\"potentialAction\":[{\"@type\":\"SearchAction\",\"target\":{\"@type\":\"EntryPoint\",\"urlTemplate\":\"https:\/\/elportillodecoracion.es\/?s={search_term_string}\"},\"query-input\":{\"@type\":\"PropertyValueSpecification\",\"valueRequired\":true,\"valueName\":\"search_term_string\"}}],\"inLanguage\":\"en-US\"},{\"@type\":\"Organization\",\"@id\":\"https:\/\/elportillodecoracion.es\/#organization\",\"name\":\"El Portillo Decoraci\u00f3n\",\"url\":\"https:\/\/elportillodecoracion.es\/\",\"logo\":{\"@type\":\"ImageObject\",\"inLanguage\":\"en-US\",\"@id\":\"https:\/\/elportillodecoracion.es\/#\/schema\/logo\/image\/\",\"url\":\"https:\/\/elportillodecoracion.es\/wp-content\/uploads\/2018\/11\/El-Portillo_logo-300.jpg\",\"contentUrl\":\"https:\/\/elportillodecoracion.es\/wp-content\/uploads\/2018\/11\/El-Portillo_logo-300.jpg\",\"width\":350,\"height\":91,\"caption\":\"El Portillo Decoraci\u00f3n\"},\"image\":{\"@id\":\"https:\/\/elportillodecoracion.es\/#\/schema\/logo\/image\/\"}}]}<\/script>\n<meta property=\"product:price:amount\" content=\"139.00\" \/>\n<meta property=\"product:price:currency\" content=\"EUR\" \/>\n<meta property=\"og:availability\" content=\"instock\" \/>\n<meta property=\"product:availability\" content=\"instock\" \/>\n<meta property=\"product:retailer_item_id\" content=\"107664\" \/>\n<meta property=\"product:condition\" content=\"new\" \/>\n<!-- \/ Yoast SEO Premium plugin. -->","yoast_head_json":{"title":"MESITA AUXILIAR MADERA DE TEKA GRANATE 35x35x45 cm. - El Portillo Decoraci\u00f3n","robots":{"index":"index","follow":"follow","max-snippet":"max-snippet:-1","max-image-preview":"max-image-preview:large","max-video-preview":"max-video-preview:-1"},"canonical":"https:\/\/elportillodecoracion.es\/tienda\/mesita-auxiliar-madera-de-teka-granate-35x35x45-cm\/","og_locale":"en_US","og_type":"article","og_title":"MESITA AUXILIAR MADERA DE TEKA GRANATE 35x35x45 cm.","og_url":"https:\/\/elportillodecoracion.es\/tienda\/mesita-auxiliar-madera-de-teka-granate-35x35x45-cm\/","og_site_name":"El Portillo Decoraci\u00f3n","article_modified_time":"2025-03-18T20:17:23+00:00","og_image":[{"width":1936,"height":2560,"url":"https:\/\/elportillodecoracion.es\/wp-content\/uploads\/2023\/02\/IMG_0827-scaled.jpg","type":"image\/jpeg"}],"twitter_card":"summary_large_image","twitter_misc":{"Price":"139,00&euro; IVA inc","Availability":"In stock"},"schema":{"@context":"https:\/\/schema.org","@graph":[{"@type":"WebPage","@id":"https:\/\/elportillodecoracion.es\/tienda\/mesita-auxiliar-madera-de-teka-granate-35x35x45-cm\/","url":"https:\/\/elportillodecoracion.es\/tienda\/mesita-auxiliar-madera-de-teka-granate-35x35x45-cm\/","name":"MESITA AUXILIAR MADERA DE TEKA GRANATE 35x35x45 cm. - El Portillo Decoraci\u00f3n","isPartOf":{"@id":"https:\/\/elportillodecoracion.es\/#website"},"primaryImageOfPage":{"@id":"https:\/\/elportillodecoracion.es\/tienda\/mesita-auxiliar-madera-de-teka-granate-35x35x45-cm\/#primaryimage"},"image":{"@id":"https:\/\/elportillodecoracion.es\/tienda\/mesita-auxiliar-madera-de-teka-granate-35x35x45-cm\/#primaryimage"},"thumbnailUrl":"https:\/\/elportillodecoracion.es\/wp-content\/uploads\/2023\/02\/IMG_0827-scaled.jpg","datePublished":"2023-02-25T10:34:18+00:00","dateModified":"2025-03-18T20:17:23+00:00","breadcrumb":{"@id":"https:\/\/elportillodecoracion.es\/tienda\/mesita-auxiliar-madera-de-teka-granate-35x35x45-cm\/#breadcrumb"},"inLanguage":"en-US","potentialAction":[{"@type":"ReadAction","target":["https:\/\/elportillodecoracion.es\/tienda\/mesita-auxiliar-madera-de-teka-granate-35x35x45-cm\/"]}]},{"@type":"ImageObject","inLanguage":"en-US","@id":"https:\/\/elportillodecoracion.es\/tienda\/mesita-auxiliar-madera-de-teka-granate-35x35x45-cm\/#primaryimage","url":"https:\/\/elportillodecoracion.es\/wp-content\/uploads\/2023\/02\/IMG_0827-scaled.jpg","contentUrl":"https:\/\/elportillodecoracion.es\/wp-content\/uploads\/2023\/02\/IMG_0827-scaled.jpg","width":1936,"height":2560},{"@type":"BreadcrumbList","@id":"https:\/\/elportillodecoracion.es\/tienda\/mesita-auxiliar-madera-de-teka-granate-35x35x45-cm\/#breadcrumb","itemListElement":[{"@type":"ListItem","position":1,"name":"Portada","item":"https:\/\/elportillodecoracion.es\/"},{"@type":"ListItem","position":2,"name":"Tienda","item":"https:\/\/elportillodecoracion.es\/tienda\/"},{"@type":"ListItem","position":3,"name":"MESITA AUXILIAR MADERA DE TEKA GRANATE 35x35x45 cm."}]},{"@type":"WebSite","@id":"https:\/\/elportillodecoracion.es\/#website","url":"https:\/\/elportillodecoracion.es\/","name":"El Portillo Decoraci\u00f3n","description":"Muebles y Decoraci\u00f3n","publisher":{"@id":"https:\/\/elportillodecoracion.es\/#organization"},"potentialAction":[{"@type":"SearchAction","target":{"@type":"EntryPoint","urlTemplate":"https:\/\/elportillodecoracion.es\/?s={search_term_string}"},"query-input":{"@type":"PropertyValueSpecification","valueRequired":true,"valueName":"search_term_string"}}],"inLanguage":"en-US"},{"@type":"Organization","@id":"https:\/\/elportillodecoracion.es\/#organization","name":"El Portillo Decoraci\u00f3n","url":"https:\/\/elportillodecoracion.es\/","logo":{"@type":"ImageObject","inLanguage":"en-US","@id":"https:\/\/elportillodecoracion.es\/#\/schema\/logo\/image\/","url":"https:\/\/elportillodecoracion.es\/wp-content\/uploads\/2018\/11\/El-Portillo_logo-300.jpg","contentUrl":"https:\/\/elportillodecoracion.es\/wp-content\/uploads\/2018\/11\/El-Portillo_logo-300.jpg","width":350,"height":91,"caption":"El Portillo Decoraci\u00f3n"},"image":{"@id":"https:\/\/elportillodecoracion.es\/#\/schema\/logo\/image\/"}}]},"product_price_amount":"139.00","product_price_currency":"EUR","og_availability":"instock","product_availability":"instock","product_retailer_item_id":"107664","product_condition":"new"},"_links":{"self":[{"href":"https:\/\/elportillodecoracion.es\/en\/wp-json\/wp\/v2\/product\/16798","targetHints":{"allow":["GET"]}}],"collection":[{"href":"https:\/\/elportillodecoracion.es\/en\/wp-json\/wp\/v2\/product"}],"about":[{"href":"https:\/\/elportillodecoracion.es\/en\/wp-json\/wp\/v2\/types\/product"}],"replies":[{"embeddable":true,"href":"https:\/\/elportillodecoracion.es\/en\/wp-json\/wp\/v2\/comments?post=16798"}],"wp:featuredmedia":[{"embeddable":true,"href":"https:\/\/elportillodecoracion.es\/en\/wp-json\/wp\/v2\/media\/16820"}],"wp:attachment":[{"href":"https:\/\/elportillodecoracion.es\/en\/wp-json\/wp\/v2\/media?parent=16798"}],"wp:term":[{"taxonomy":"product_cat","embeddable":true,"href":"https:\/\/elportillodecoracion.es\/en\/wp-json\/wp\/v2\/product_cat?post=16798"},{"taxonomy":"product_tag","embeddable":true,"href":"https:\/\/elportillodecoracion.es\/en\/wp-json\/wp\/v2\/product_tag?post=16798"}],"curies":[{"name":"wp","href":"https:\/\/api.w.org\/{rel}","templated":true}]}}

<p>Mesita auxiliar realizada con madera de teka, conocida como una de las más valoradas del mercado por sus excelentes características de durabilidad natural. Su color granate tiene un acabado muy natural y aporta gran elegancia al hogar. Con este pequeño mueble podrás dar rienda a tu creatividad y utilizarlo como más te guste o te convenga. La puedes colocar tanto en exterior como en interior, utilizarla como mesa para el aperitivo, para colocar alguna planta, algún accesorio decorativo… Tiene mucho juego a la hora de colocarla y quedará bien en cualquier espacio de tu casa.</p>
<div id="tab-description" class="woocommerce-Tabs-panel woocommerce-Tabs-panel--description panel entry-content wc-tab" role="tabpanel" aria-labelledby="tab-title-description">
<ul>
<li>Material: madera de teka.</li>
<li>Medidas: 35x35x45 cm.</li>
<li>Color: granate.</li>
</ul>
</div>

<p>Mesita auxiliar realizada con madera de teka, conocida como una de las más valoradas del mercado por sus excelentes características de durabilidad natural. Su color granate tiene un acabado muy natural y aporta gran elegancia al hogar. Con este pequeño mueble podrás dar rienda a tu creatividad y utilizarlo como más te guste o te [&hellip;]</p>

<!-- This site is optimized with the Yoast SEO Premium plugin v23.0 (Yoast SEO v25.6) - https://yoast.com/wordpress/plugins/seo/ -->
<title>MESITA AUXILIAR MADERA DE TEKA GRANATE 35x35x45 cm. - El Portillo Decoración</title>
<meta name="robots" content="index, follow, max-snippet:-1, max-image-preview:large, max-video-preview:-1" />
<link rel="canonical" href="https://elportillodecoracion.es/tienda/mesita-auxiliar-madera-de-teka-granate-35x35x45-cm/" />
<meta property="og:locale" content="en_US" />
<meta property="og:type" content="article" />
<meta property="og:title" content="MESITA AUXILIAR MADERA DE TEKA GRANATE 35x35x45 cm." />
<meta property="og:url" content="https://elportillodecoracion.es/tienda/mesita-auxiliar-madera-de-teka-granate-35x35x45-cm/" />
<meta property="og:site_name" content="El Portillo Decoración" />
<meta property="article:modified_time" content="2025-03-18T20:17:23+00:00" />
<meta property="og:image" content="https://elportillodecoracion.es/wp-content/uploads/2023/02/IMG_0827-scaled.jpg" />
	<meta property="og:image:width" content="1936" />
	<meta property="og:image:height" content="2560" />
	<meta property="og:image:type" content="image/jpeg" />
<meta name="twitter:card" content="summary_large_image" />
<meta name="twitter:label1" content="Price" />
	<meta name="twitter:data1" content="139,00&euro; IVA inc" />
	<meta name="twitter:label2" content="Availability" />
	<meta name="twitter:data2" content="In stock" />
<script type="application/ld+json" class="yoast-schema-graph">{"@context":"https://schema.org","@graph":[{"@type":"WebPage","@id":"https://elportillodecoracion.es/tienda/mesita-auxiliar-madera-de-teka-granate-35x35x45-cm/","url":"https://elportillodecoracion.es/tienda/mesita-auxiliar-madera-de-teka-granate-35x35x45-cm/","name":"MESITA AUXILIAR MADERA DE TEKA GRANATE 35x35x45 cm. - El Portillo Decoración","isPartOf":{"@id":"https://elportillodecoracion.es/#website"},"primaryImageOfPage":{"@id":"https://elportillodecoracion.es/tienda/mesita-auxiliar-madera-de-teka-granate-35x35x45-cm/#primaryimage"},"image":{"@id":"https://elportillodecoracion.es/tienda/mesita-auxiliar-madera-de-teka-granate-35x35x45-cm/#primaryimage"},"thumbnailUrl":"https://elportillodecoracion.es/wp-content/uploads/2023/02/IMG_0827-scaled.jpg","datePublished":"2023-02-25T10:34:18+00:00","dateModified":"2025-03-18T20:17:23+00:00","breadcrumb":{"@id":"https://elportillodecoracion.es/tienda/mesita-auxiliar-madera-de-teka-granate-35x35x45-cm/#breadcrumb"},"inLanguage":"en-US","potentialAction":[{"@type":"ReadAction","target":["https://elportillodecoracion.es/tienda/mesita-auxiliar-madera-de-teka-granate-35x35x45-cm/"]}]},{"@type":"ImageObject","inLanguage":"en-US","@id":"https://elportillodecoracion.es/tienda/mesita-auxiliar-madera-de-teka-granate-35x35x45-cm/#primaryimage","url":"https://elportillodecoracion.es/wp-content/uploads/2023/02/IMG_0827-scaled.jpg","contentUrl":"https://elportillodecoracion.es/wp-content/uploads/2023/02/IMG_0827-scaled.jpg","width":1936,"height":2560},{"@type":"BreadcrumbList","@id":"https://elportillodecoracion.es/tienda/mesita-auxiliar-madera-de-teka-granate-35x35x45-cm/#breadcrumb","itemListElement":[{"@type":"ListItem","position":1,"name":"Portada","item":"https://elportillodecoracion.es/"},{"@type":"ListItem","position":2,"name":"Tienda","item":"https://elportillodecoracion.es/tienda/"},{"@type":"ListItem","position":3,"name":"MESITA AUXILIAR MADERA DE TEKA GRANATE 35x35x45 cm."}]},{"@type":"WebSite","@id":"https://elportillodecoracion.es/#website","url":"https://elportillodecoracion.es/","name":"El Portillo Decoración","description":"Muebles y Decoración","publisher":{"@id":"https://elportillodecoracion.es/#organization"},"potentialAction":[{"@type":"SearchAction","target":{"@type":"EntryPoint","urlTemplate":"https://elportillodecoracion.es/?s={search_term_string}"},"query-input":{"@type":"PropertyValueSpecification","valueRequired":true,"valueName":"search_term_string"}}],"inLanguage":"en-US"},{"@type":"Organization","@id":"https://elportillodecoracion.es/#organization","name":"El Portillo Decoración","url":"https://elportillodecoracion.es/","logo":{"@type":"ImageObject","inLanguage":"en-US","@id":"https://elportillodecoracion.es/#/schema/logo/image/","url":"https://elportillodecoracion.es/wp-content/uploads/2018/11/El-Portillo_logo-300.jpg","contentUrl":"https://elportillodecoracion.es/wp-content/uploads/2018/11/El-Portillo_logo-300.jpg","width":350,"height":91,"caption":"El Portillo Decoración"},"image":{"@id":"https://elportillodecoracion.es/#/schema/logo/image/"}}]}</script>
<meta property="product:price:amount" content="139.00" />
<meta property="product:price:currency" content="EUR" />
<meta property="og:availability" content="instock" />
<meta property="product:availability" content="instock" />
<meta property="product:retailer_item_id" content="107664" />
<meta property="product:condition" content="new" />
<!-- / Yoast SEO Premium plugin. -->

MESITA AUXILIAR MADERA DE TEKA GRANATE 35x35x45 cm. - El Portillo Decoración

El Portillo Decoración

Muebles y Decoración
